ctors of 92475.
3, 5, 137
List the prime factors of 7990.
2, 5, 17, 47
List the prime factors of 16380.
2, 3, 5, 7, 13
List the prime factors of 5879.
5879
List the prime factors of 4327.
4327
What are the prime factors of 14848?
2, 29
What are the prime factors of 11251?
11251
List the prime factors of 136.
2, 17
What are the prime factors of 23229?
3, 29, 89
What are the prime factors of 823?
823
List the prime factors of 75869.
75869
What are the prime factors of 418?
2, 11, 19
List the prime factors of 2335.
5, 467
List the prime factors of 19363.
17, 67
What are the prime factors of 8639?
53, 163
What are the prime factors of 4175?
5, 167
What are the prime factors of 11416?
2, 1427
What are the prime factors of 25385?
5, 5077
List the prime factors of 2565.
3, 5, 19
What are the prime factors of 17638?
2, 8819
List the prime factors of 12118.
2, 73, 83
List the prime factors of 44292.
2, 3, 3691
What are the prime factors of 872?
2, 109
What are the prime factors of 5061?
3, 7, 241
List the prime factors of 10526.
2, 19, 277
What are the prime factors of 37?
37
List the prime factors of 2286.
2, 3, 127
What are the prime factors of 1356?
2, 3, 113
List the prime factors of 5771.
29, 199
What are the prime factors of 86?
2, 43
List the prime factors of 28947.
3, 9649
What are the prime factors of 18429?
3, 6143
What are the prime factors of 1317?
3, 439
List the prime factors of 577.
577
What are the prime factors of 18047?
18047
What are the prime factors of 1055?
5, 211
What are the prime factors of 1971?
3, 73
List the prime factors of 1209.
3, 13, 31
What are the prime factors of 480?
2, 3, 5
List the prime factors of 120226.
2, 47, 1279
What are the prime factors of 38931?
3, 19, 683
List the prime factors of 1720.
2, 5, 43
What are the prime factors of 394?
2, 197
What are the prime factors of 19761?
3, 7, 941
List the prime factors of 5170.
2, 5, 11, 47
List the prime factors of 318.
2, 3, 53
List the prime factors of 7011.
3, 19, 41
List the prime factors of 5889.
3, 13, 151
What are the prime factors of 7446?
2, 3, 17, 73
List the prime factors of 4304.
2, 269
List the prime factors of 8059.
8059
List the prime factors of 5876.
2, 13, 113
What are the prime factors of 108?
2, 3
What are the prime factors of 112660?
2, 5, 43, 131
What are the prime factors of 859?
859
List the prime factors of 1257.
3, 419
List the prime factors of 14270.
2, 5, 1427
What are the prime factors of 866?
2, 433
List the prime factors of 13537.
13537
List the prime factors of 493.
17, 29
List the prime factors of 48.
2, 3
List the prime factors of 73300.
2, 5, 733
What are the prime factors of 47357?
23, 29, 71
List the prime factors of 1625.
5, 13
List the prime factors of 773.
773
List the prime factors of 96433.
73, 1321
List the prime factors of 167.
167
List the prime factors of 25525.
5, 1021
List the prime factors of 7672.
2, 7, 137
List the prime factors of 303.
3, 101
What are the prime factors of 1499?
1499
List the prime factors of 562.
2, 281
List the prime factors of 2169.
3, 241
List the prime factors of 6341.
17, 373
List the prime factors of 64953.
3, 7, 1031
List the prime factors of 5510.
2, 5, 19, 29
What are the prime factors of 49625?
5, 397
List the prime factors of 22761.
3, 281
List the prime factors of 81278.
2, 40639
What are the prime factors of 819?
3, 7, 13
List the prime factors of 87.
3, 29
List the prime factors of 3654.
2, 3, 7, 29
List the prime factors of 37355.
5, 31, 241
List the prime factors of 78287.
11, 647
List the prime factors of 6676.
2, 1669
What are the prime factors of 143002?
2, 127, 563
What are the prime factors of 19869?
3, 37, 179
What are the prime factors of 119120?
2, 5, 1489
What are the prime factors of 43140?
2, 3, 5, 719
What are the prime factors of 138?
2, 3, 23
List the prime factors of 145486.
2, 11, 17, 389
List the prime factors of 189.
3, 7
List the prime factors of 5558.
2, 7, 397
What are the prime factors of 17317?
17317
What are the prime factors of 1882?
2, 941
What are the prime factors of 816?
2, 3, 17
What are the prime factors of 7352?
2, 919
List the prime factors of 18537.
3, 37, 167
List the prime factors of 36466.
2, 18233
What are the prime factors of 407?
11, 37
List the prime factors of 109309.
281, 389
What are the prime factors of 186493?
251, 743
What are the prime factors of 1332?
2, 3, 37
List the prime factors of 81729.
3, 1009
List the prime factors of 86000.
2, 5, 43
List the prime factors of 13771.
47, 293
List the prime factors of 724.
2, 181
List the prime factors of 1072.
2, 67
List the prime factors of 27211.
27211
What are the prime factors of 104151?
3, 149, 233
What are the prime factors of 5016?
2, 3, 11, 19
What are the prime factors of 9670?
2, 5, 967
List the prime factors of 32046.
2, 3, 7, 109
List the prime factors of 1171.
1171
List the prime factors of 131.
131
What are the prime factors of 807?
3, 269
What are the prime factors of 2823?
3, 941
What are the prime factors of 19655?
5, 3931
What are the prime factors of 669?
3, 223
List the prime factors of 2925.
3, 5, 13
List the prime factors of 1214.
2, 607
What are the prime factors of 72472?
2, 9059
What are the prime factors of 16445?
5, 11, 13, 23
List the prime factors of 158.
2, 79
What are the prime factors of 1599?
3, 13, 41
List the prime factors of 259.
7, 37
What are the prime factors of 2840?
2, 5, 71
List the prime factors of 1813.
7, 37
List the prime factors of 4118.
2, 29, 71
List the prime factors of 65592.
2, 3, 911
List the prime factors of 776.
2, 97
List the prime factors of 42865.
5, 8573
List the prime factors of 567.
3, 7
List the prime factors of 4237.
19, 223
List the prime factors of 92786.
2, 17, 2729
List the prime factors of 2354.
2, 11, 107
List the prime factors of 3758.
2, 1879
What are the prime factors of 131099?
31, 4229
What are the prime factors of 37458?
2, 3, 2081
What are the prime factors of 5829?
3, 29, 67
What are the prime factors of 9616?
2, 601
What are the prime factors of 24512?
2, 383
List the prime factors of 12748.
2, 3187
List the prime factors of 14216.
2, 1777
What are the prime factors of 15327?
3, 13, 131
What are the prime factors of 115061?
115061
What are the prime factors of 1305?
3, 5, 29
List the prime factors of 63666.
2, 3, 131
List the prime factors of 1040.
2, 5, 13
List the prime factors of 34766.
2, 17383
What are the prime factors of 3271?
3271
What are the prime factors of 71820?
2, 3, 5, 7, 19
What are the prime factors of 1355?
5, 271
List the prime factors of 48.
2, 3
What are the prime factors of 539?
7, 11
List the prime factors of 34.
2, 17
What are the prime factors of 733?
733
List the prime factors of 17413.
11, 1583
List the prime factors of 8396.
2, 2099
List the prime factors of 120333.
3, 40111
List the prime factors of 25315.
5, 61, 83
What are the prime factors of 47995?
5, 29, 331
List the prime factors of 6588.
2, 3, 61
What are the prime factors of 14936?
2, 1867
What are the prime factors of 16732?
2, 47, 89
List the prime factors of 13154.
2, 6577
List the prime factors of 4468.
2, 1117
List the prime factors of 1712.
2, 107
What are the prime factors of 716?
2, 179
What are the prime factors of 27238?
2, 13619
What are the prime factors of 392?
2, 7
List the prime factors of 60938.
2, 30469
List the prime factors of 1452.
2, 3, 11
List the prime factors of 62896.
2, 3931
What are the prime factors of 3774?
2, 3, 17, 37
What are the prime factors of 22319?
11, 2029
List the prime factors of 1476.
2, 3, 41
What are the prime factors of 1811?
1811
What are the prime factors of 1666?
2, 7, 17
List the prime factors of 3069.
3, 11, 31
List the prime factors of 2432.
2, 19
What are the prime factors of 94382?
2, 41, 1151
List the prime factors of 23850.
2, 3, 5, 53
What are the prime factors of 27235?
5, 13, 419
List the prime factors of 133757.
13, 10289
List the prime factors of 1168.
2, 73
What are the prime factors of 5567?
19, 293
What are the prime factors of 1890?
2, 3, 5, 7
What are the prime factors of 6489?
3, 7, 103
List the prime factors of 17321.
17321
What are the prime factors of 1408?
2, 11
List the prime factors of 117160.
2, 5, 29, 101
What are the prime factors of 3139?
43, 73
List the p